{"id":128,"date":"2026-01-07T19:20:06","date_gmt":"2026-01-07T18:20:06","guid":{"rendered":"https:\/\/gekg.womam.de\/?page_id=128"},"modified":"2026-01-08T12:37:51","modified_gmt":"2026-01-08T11:37:51","slug":"kinderprinzenpaar","status":"publish","type":"page","link":"https:\/\/gekg.womam.de\/index.php\/kinderprinzenpaar\/","title":{"rendered":"Kinderprinzenpaar"},"content":{"rendered":"<div class=\"wp-block-image is-style-rounded\">\n<figure class=\"aligncenter size-full\"><img loading=\"lazy\" decoding=\"async\" width=\"533\" height=\"800\" src=\"http:\/\/gekg.womam.de\/wp-content\/uploads\/2026\/01\/2025-2026-Kinderprinzenpaar-Hompage_3-3.jpg\" alt=\"\" class=\"wp-image-130\" srcset=\"https:\/\/gekg.womam.de\/wp-content\/uploads\/2026\/01\/2025-2026-Kinderprinzenpaar-Hompage_3-3.jpg 533w, https:\/\/gekg.womam.de\/wp-content\/uploads\/2026\/01\/2025-2026-Kinderprinzenpaar-Hompage_3-3-200x300.jpg 200w\" sizes=\"auto, (max-width: 533px) 100vw, 533px\" \/><\/figure>\n<\/div>\n\n\n<p>Das diesj\u00e4hrige Kinderprinzenpaar <strong>Titus\u202fI. und Sofia\u202fI.<\/strong> f\u00fchrt die jungen Jecken durch die Session und sorgt mit ihrem Motto <strong>\u201eMit Zauberstab und Konfetti \u2013 wir regieren jetzt ganz happy!\u201c<\/strong> f\u00fcr jede Menge Spa\u00df, Freude und karnevalistische Magie. Gemeinsam mit ihren kleinen Hofstaaten bringen sie <strong>Lachen, Tanz und bunte Stimmung<\/strong> in alle Veranstaltungen der Stadt.<\/p>\n\n\n\n<p><\/p>\n\n\n\n<p class=\"has-text-align-center has-white-color has-text-color has-background has-link-color wp-elements-dab03de05082b30eb32fbee29c5f294e\" style=\"background-color:#00bfcf\">Prinz Titus I.<\/p>\n\n\n<div class=\"wp-block-image is-style-rounded\">\n<figure class=\"aligncenter size-large is-resized\"><img loading=\"lazy\" decoding=\"async\" width=\"683\" height=\"1024\" src=\"http:\/\/gekg.womam.de\/wp-content\/uploads\/2026\/01\/Kinder-PP-Erkrath_08-683x1024.jpg\" alt=\"\" class=\"wp-image-132\" style=\"width:400px\" srcset=\"https:\/\/gekg.womam.de\/wp-content\/uploads\/2026\/01\/Kinder-PP-Erkrath_08-683x1024.jpg 683w, https:\/\/gekg.womam.de\/wp-content\/uploads\/2026\/01\/Kinder-PP-Erkrath_08-200x300.jpg 200w, https:\/\/gekg.womam.de\/wp-content\/uploads\/2026\/01\/Kinder-PP-Erkrath_08-768x1152.jpg 768w, https:\/\/gekg.womam.de\/wp-content\/uploads\/2026\/01\/Kinder-PP-Erkrath_08-1024x1536.jpg 1024w, https:\/\/gekg.womam.de\/wp-content\/uploads\/2026\/01\/Kinder-PP-Erkrath_08-1365x2048.jpg 1365w, https:\/\/gekg.womam.de\/wp-content\/uploads\/2026\/01\/Kinder-PP-Erkrath_08-scaled.jpg 1707w\" sizes=\"auto, (max-width: 683px) 100vw, 683px\" \/><\/figure>\n<\/div>\n\n\n<p>Ich, <strong>Titus<\/strong>, bin 8 Jahre alt, gehe in die zweite Klasse und liebe Abenteuer drau\u00dfen, besonders bei den Pfadfindern. Dort lerne ich, Lagerfeuer zu machen, Zelte zu bauen und coole Sachen zu basteln. Auch bei den Pagen der Bruderschaft bin ich aktiv \u2013 beim Marschieren durch die Stadt und beim Zielschie\u00dfen konnte ich schon mitmachen. Zu Hause baue ich gerne riesige Lego-Welten, spiele Superhelden oder Harry Potter nach und liebe Mathe, Sport und mein Lieblingsessen: Kartoffelp\u00fcree mit Spinat und Fischst\u00e4bchen oder Chicken Nuggets.<\/p>\n\n\n\n<p><\/p>\n\n\n\n<p class=\"has-text-align-center has-white-color has-text-color has-background has-link-color wp-elements-004861e9e434f0ea19fe73f0d2689378\" style=\"background-color:#00bfcf\">Prinzessin Sofia I.<\/p>\n\n\n<div class=\"wp-block-image is-style-rounded\">\n<figure class=\"aligncenter size-large is-resized\"><img loading=\"lazy\" decoding=\"async\" width=\"683\" height=\"1024\" src=\"http:\/\/gekg.womam.de\/wp-content\/uploads\/2026\/01\/Kinder-PP-Erkrath_06-683x1024.jpg\" alt=\"\" class=\"wp-image-131\" style=\"width:400px\" srcset=\"https:\/\/gekg.womam.de\/wp-content\/uploads\/2026\/01\/Kinder-PP-Erkrath_06-683x1024.jpg 683w, https:\/\/gekg.womam.de\/wp-content\/uploads\/2026\/01\/Kinder-PP-Erkrath_06-200x300.jpg 200w, https:\/\/gekg.womam.de\/wp-content\/uploads\/2026\/01\/Kinder-PP-Erkrath_06-768x1152.jpg 768w, https:\/\/gekg.womam.de\/wp-content\/uploads\/2026\/01\/Kinder-PP-Erkrath_06-1024x1536.jpg 1024w, https:\/\/gekg.womam.de\/wp-content\/uploads\/2026\/01\/Kinder-PP-Erkrath_06-1365x2048.jpg 1365w, https:\/\/gekg.womam.de\/wp-content\/uploads\/2026\/01\/Kinder-PP-Erkrath_06-scaled.jpg 1707w\" sizes=\"auto, (max-width: 683px) 100vw, 683px\" \/><\/figure>\n<\/div>\n\n\n<p>Ich, <strong>Sofia<\/strong>, bin 10 Jahre alt und gehe in die f\u00fcnfte Klasse. Tanzen ist meine gro\u00dfe Leidenschaft \u2013 seit einigen Jahren bin ich Mitglied der Tanzgarde der Hopped\u00f6tze Midis. Tanzen bedeutet f\u00fcr mich Bewegung, Musik, Spa\u00df und nat\u00fcrlich: Konfetti! Au\u00dferdem liebe ich Inliner fahren, Zeit mit Freunden verbringen und kreative, verr\u00fcckte TikToks drehen. Letztes Jahr durfte ich miterleben, wie meine Schwester Prinzessin war \u2013 dieses Jahr bin ich selbst Teil dieses karnevalistischen Zaubers.<\/p>\n\n\n\n<p><\/p>\n\n\n\n<p class=\"has-text-align-center has-white-color has-text-color has-background has-link-color wp-elements-44d0368cf159f8c02ef1262a3e453ff5\" style=\"background-color:#00bfcf\">Unsere Adjutantur<\/p>\n\n\n\n<figure class=\"wp-block-gallery has-nested-images columns-default is-cropped wp-block-gallery-1 is-layout-flex wp-block-gallery-is-layout-flex\">\n<figure class=\"wp-block-image size-large is-resized is-style-rounded\"><img loading=\"lazy\" decoding=\"async\" width=\"435\" height=\"773\" data-id=\"143\" src=\"https:\/\/gekg.womam.de\/wp-content\/uploads\/2026\/01\/Screenshot-2026-01-07-192150.png\" alt=\"\" class=\"wp-image-143\" style=\"width:144px;height:auto\" srcset=\"https:\/\/gekg.womam.de\/wp-content\/uploads\/2026\/01\/Screenshot-2026-01-07-192150.png 435w, https:\/\/gekg.womam.de\/wp-content\/uploads\/2026\/01\/Screenshot-2026-01-07-192150-169x300.png 169w\" sizes=\"auto, (max-width: 435px) 100vw, 435px\" \/><\/figure>\n\n\n\n<figure class=\"wp-block-image size-large is-resized is-style-rounded\"><img loading=\"lazy\" decoding=\"async\" width=\"417\" height=\"780\" data-id=\"144\" src=\"https:\/\/gekg.womam.de\/wp-content\/uploads\/2026\/01\/Screenshot-2026-01-07-192219.png\" alt=\"\" class=\"wp-image-144\" style=\"width:144px\" srcset=\"https:\/\/gekg.womam.de\/wp-content\/uploads\/2026\/01\/Screenshot-2026-01-07-192219.png 417w, https:\/\/gekg.womam.de\/wp-content\/uploads\/2026\/01\/Screenshot-2026-01-07-192219-160x300.png 160w\" sizes=\"auto, (max-width: 417px) 100vw, 417px\" \/><\/figure>\n<\/figure>\n\n\n\n<p class=\"has-text-align-left\">Adjutant Adrian                                                                Hofdame Mayla<\/p>\n\n\n\n<p class=\"has-text-align-center\"><\/p>\n\n\n\n<p>Hier kommt ihr zu den Ehemaligen Kinderprinzenpaaren der Stadt Erkrath:<\/p>\n\n\n\n<p><a href=\"https:\/\/gekg.womam.de\/index.php\/ehemalige-kinderprinzenpaare\/\">Ehemalige Kinderprinzenpaare \u2013 Grosse Erkrather KG 1994 e.V.<\/a><\/p>\n","protected":false},"excerpt":{"rendered":"<p>Das diesj\u00e4hrige Kinderprinzenpaar Titus\u202fI. und Sofia\u202fI. f\u00fchrt die jungen Jecken durch die Session und sorgt mit ihrem Motto \u201eMit Zauberstab und Konfetti \u2013 wir regieren jetzt ganz happy!\u201c f\u00fcr jede Menge Spa\u00df, Freude und karnevalistische Magie. Gemeinsam mit ihren kleinen Hofstaaten bringen sie Lachen, Tanz und bunte Stimmung in alle Veranstaltungen der Stadt. Prinz Titus [&hellip;]<\/p>\n","protected":false},"author":2,"featured_media":0,"parent":0,"menu_order":0,"comment_status":"closed","ping_status":"closed","template":"","meta":{"ngg_post_thumbnail":0,"footnotes":""},"class_list":["post-128","page","type-page","status-publish","hentry"],"_links":{"self":[{"href":"https:\/\/gekg.womam.de\/index.php\/wp-json\/wp\/v2\/pages\/128","targetHints":{"allow":["GET"]}}],"collection":[{"href":"https:\/\/gekg.womam.de\/index.php\/wp-json\/wp\/v2\/pages"}],"about":[{"href":"https:\/\/gekg.womam.de\/index.php\/wp-json\/wp\/v2\/types\/page"}],"author":[{"embeddable":true,"href":"https:\/\/gekg.womam.de\/index.php\/wp-json\/wp\/v2\/users\/2"}],"replies":[{"embeddable":true,"href":"https:\/\/gekg.womam.de\/index.php\/wp-json\/wp\/v2\/comments?post=128"}],"version-history":[{"count":3,"href":"https:\/\/gekg.womam.de\/index.php\/wp-json\/wp\/v2\/pages\/128\/revisions"}],"predecessor-version":[{"id":157,"href":"https:\/\/gekg.womam.de\/index.php\/wp-json\/wp\/v2\/pages\/128\/revisions\/157"}],"wp:attachment":[{"href":"https:\/\/gekg.womam.de\/index.php\/wp-json\/wp\/v2\/media?parent=128"}],"curies":[{"name":"wp","href":"https:\/\/api.w.org\/{rel}","templated":true}]}}